y 8337.
2350
Calculate the remainder when 2981057 is divided by 1547.
1535
What is the remainder when 923959 is divided by 986?
77
Calculate the remainder when 19941 is divided by 5772.
2625
What is the remainder when 107785567 is divided by 23?
0
What is the remainder when 384489 is divided by 64071?
63
What is the remainder when 88604 is divided by 178?
138
Calculate the remainder when 5241218 is divided by 42.
38
Calculate the remainder when 532186 is divided by 105820.
3086
Calculate the remainder when 77195809 is divided by 393.
391
What is the remainder when 1522482 is divided by 23?
20
Calculate the remainder when 2771764 is divided by 107.
36
Calculate the remainder when 240281 is divided by 387.
341
Calculate the remainder when 15761 is divided by 5062.
575
What is the remainder when 122744 is divided by 376?
168
Calculate the remainder when 1353373 is divided by 3090.
3043
Calculate the remainder when 15206473 is divided by 2461.
2415
What is the remainder when 60882508 is divided by 5073541?
16
Calculate the remainder when 272755 is divided by 11194.
4099
What is the remainder when 1790551 is divided by 447621?
67
Calculate the remainder when 133935 is divided by 18.
15
Calculate the remainder when 551838 is divided by 183935.
33
Calculate the remainder when 7540418 is divided by 3.
2
What is the remainder when 70497 is divided by 2026?
1613
What is the remainder when 28515 is divided by 3497?
539
What is the remainder when 500803 is divided by 3293?
267
What is the remainder when 130266203 is divided by 92?
91
Calculate the remainder when 666650 is divided by 666612.
38
What is the remainder when 2158364 is divided by 2158356?
8
Calculate the remainder when 325136 is divided by 32504.
96
Calculate the remainder when 28693 is divided by 116.
41
What is the remainder when 763764 is divided by 2350?
14
What is the remainder when 1539239 is divided by 53077?
6
What is the remainder when 31726249 is divided by 7465?
7464
What is the remainder when 44499 is divided by 7402?
87
Calculate the remainder when 3260279 is divided by 132.
11
Calculate the remainder when 1151523 is divided by 785.
713
Calculate the remainder when 2640877 is divided by 880159.
400
Calculate the remainder when 28219 is divided by 2940.
1759
What is the remainder when 635382 is divided by 589?
440
Calculate the remainder when 59055502 is divided by 16.
14
Calculate the remainder when 8826828 is divided by 11.
10
Calculate the remainder when 393127 is divided by 712.
103
What is the remainder when 1490292 is divided by 1108?
32
Calculate the remainder when 570164 is divided by 505.
19
What is the remainder when 789638 is divided by 2572?
34
Calculate the remainder when 11990724 is divided by 17.
12
Calculate the remainder when 11269834 is divided by 1706.
1704
Calculate the remainder when 1055008 is divided by 788.
664
What is the remainder when 18255178 is divided by 6981?
6844
What is the remainder when 2321532 is divided by 17?
12
Calculate the remainder when 148192030 is divided by 127.
48
Calculate the remainder when 5919162 is divided by 112.
74
Calculate the remainder when 797690 is divided by 263.
11
What is the remainder when 43603884 is divided by 61?
47
Calculate the remainder when 32180 is divided by 566.
484
What is the remainder when 93190287 is divided by 456815?
27
Calculate the remainder when 1929236 is divided by 138.
134
What is the remainder when 29049 is divided by 4814?
165
Calculate the remainder when 1300448 is divided by 12268.
40
Calculate the remainder when 89053468 is divided by 2530.
2528
Calculate the remainder when 28178220 is divided by 15.
0
What is the remainder when 309154931 is divided by 30915493?
1
What is the remainder when 973110 is divided by 4325?
4310
What is the remainder when 390570 is divided by 30023?
271
What is the remainder when 8954821 is divided by 129780?
1
Calculate the remainder when 78349 is divided by 7800.
349
What is the remainder when 7717608 is divided by 151?
149
What is the remainder when 3662073 is divided by 737?
657
Calculate the remainder when 372447 is divided by 7599.
96
Calculate the remainder when 649126 is divided by 324438.
250
What is the remainder when 377310 is divided by 225?
210
Calculate the remainder when 11050865 is divided by 1176.
1169
Calculate the remainder when 2310132 is divided by 1452.
0
What is the remainder when 1022714 is divided by 8814?
290
Calculate the remainder when 30100 is divided by 209.
4
What is the remainder when 1483060 is divided by 16118?
204
What is the remainder when 3719432 is divided by 309951?
20
What is the remainder when 599988 is divided by 939?
906
Calculate the remainder when 50506828 is divided by 1503.
16
What is the remainder when 37292303 is divided by 16?
15
What is the remainder when 295740 is divided by 859?
244
What is the remainder when 6399742 is divided by 653?
342
What is the remainder when 1890703 is divided by 35012?
55
What is the remainder when 19382 is divided by 6204?
770
What is the remainder when 871972 is divided by 1666?
654
Calculate the remainder when 3092676 is divided by 20345.
236
What is the remainder when 39878 is divided by 7970?
28
What is the remainder when 73772 is divided by 9073?
1188
What is the remainder when 281801 is divided by 20?
1
Calculate the remainder when 858990670 is divided by 2952.
2950
What is the remainder when 16899493 is divided by 93?
91
What is the remainder when 127806218 is divided by 498?
494
What is the remainder when 81981 is divided by 20484?
45
What is the remainder when 21492 is divided by 1799?
1703
What is the remainder when 335884 is divided by 14600?
84
Calculate the remainder when 863243 is divided by 238.
17
Calculate the remainder when 14104428 is divided by 1571.
1561
What is the remainder when 36550668 is divided by 232?
228
Calculate the remainder when 9429684 is divided by 72.
60
Calculate the remainder when 15559 is divided by 7649.
261
What is the remainder when 11159110 is divided by 100532?
58
Calculate the remainder when 1130716 is divided by 131.
55
Calculate the remainder when 9910 is divided by 2032.
1782
Calculate the remainder when 5162683 is divided by 1307.
33
Calculate the remainder when 198482 is divided by 31.
20
Calculate the remainder when 1012128 is divided by 252859.
692
Calculate the remainder when 70244 is divided by 8277.
4028
Calculate the remainder when 10967843 is divided by 198.
29
Calculate the remainder when 147590 is divided by 400.
390
What is the remainder when 15169702 is divided by 876?
10
Calculate the remainder when 1560786 is divided by 151.
50
Calculate the remainder when 24036566 is divided by 258.
254
Calculate the remainder when 32357 is divided by 16114.
129
Calculate the remainder when 134893 is divided by 2498.
1
What is the remainder when 4341974 is divided by 175?
49
Calculate the remainder when 133894747 is divided by 36845.
17
What is the remainder when 4166491 is divided by 24083?
132
What is the remainder when 4343092 is divided by 468?
52
Calculate the remainder when 22982032 is divided by 7660677.
1
Calculate the remainder when 10722380 is divided by 4.
0
What is the remainder when 1941217 is divided by 277215?
712
What is the remainder when 504533 is divided by 252249?
35
Calculate the remainder when 1162907 is divided by 1058.
165
What is the remainder when 105691 is divided by 568?
43
What is the remainder when 12816013 is divided by 22250?
13
What is the remainder when 1206532 is divided by 20?
12
Calculate the remainder when 711134 is divided by 969.
857
What is the remainder when 18720058 is divided by 194?
28
Calculate the remainder when 1419411 is divided by 4.
3
Calculate the remainder when 8423697 is divided by 14701.
24
Calculate the remainder when 333945 is divided by 373.
110
Calculate the remainder when 21121 is divided by 10484.
153
Calculate the remainder when 86293 is divided by 1689.
154
Calculate the remainder when 194023 is divided by 38339.
2328
Calculate the remainder when 1612527 is divided by 2337.
2334
What is the remainder when 212456 is divided by 684?
416
Calculate the remainder when 33952038 is divided by 58.
56
What is the remainder when 706175 is divided by 353074?
27
Calculate the remainder wh